luate -5 - -7 - 5 - 1.
-4
What is the value of 12 - (8 + -19 - -27)?
-4
What is the value of -3 + 1 - (1 + 2 + -6)?
1
Evaluate (4 - 2) + (-8 - -8).
2
What is -3 + (-2 - 1 - (-8 - -2))?
0
0 + 0 + 0 + -3 - -1
-2
Calculate 4 - ((40 - 28) + (-7 - -1)).
-2
What is 2 + 0 + -1 + -3 + 3?
1
What is -1 + -1 + (5 - 2)?
1
What is 4 + -2 + -8 - -1?
-5
Evaluate (11 - 6) + -5 + 4.
4
What is the value of -8 - -3 - (-1 + 0)?
-4
Evaluate 6 - (0 + -1) - 0.
7
(-10 - -7) + -8 - -14
3
What is the value of 4 + 3 + -10 + 0?
-3
Calculate (-51 - -52) + 3 + 2.
6
2 + (6 - (5 - 2))
5
What is the value of -2 + -4 + -4 + 3 + 3?
-4
What is the value of -31 + 37 + -12 + 1 + -2?
-7
What is the value of (-2 - (-5 - -1)) + 2?
4
-1 - (0 + (-8 - -4)) - 1
2
-11 + (-4 + 5 - -19)
9
-2 - (7 + -3 + -7)
1
Evaluate (1 - -18) + -11 + (-5 - 7).
-4
Calculate -12 + 4 + 5 + 0.
-3
Calculate 1 - 5 - (-10 - -7).
-1
What is 1 + -1 + 0 - (-2 + -2)?
4
What is -39 - -47 - (1 + 4)?
3
What is (-14 - -23) + -2 + -2?
5
13 + -13 + -3 - -10
7
Calculate -2 + 6 + -2 + (1 - -2).
5
-21 + 13 - (-6 + 4)
-6
What is 1 - 0 - (7 + 0 + -2)?
-4
What is -9 + 4 + (1 - -6) - 1?
1
Evaluate -17 + 1 + (10 - 2) + -1.
-9
Evaluate 2 - 8 - -12 - (1 - -2).
3
(1 + 0 - (7 - 2)) + 1
-3
What is -1 - (6 - (7 - 5))?
-5
What is the value of -2 - -4 - (-1 + (3 - 4))?
4
Calculate -20 - (-23 - -12 - -1).
-10
What is the value of 4 + -4 + 0 + 5 + -1?
4
What is the value of -6 + 2 - -1 - -3?
0
What is the value of 7 + (2 + -4 - (0 - -2))?
3
Evaluate -2 - (1 + -6 + 7).
-4
-1 + 0 + (2 + 3 - 2)
2
What is -2 - -8 - 3 - 5?
-2
Evaluate -2 - (5 + (3 + -8 - -4)).
-6
Calculate -7 - (-1 + -3 + 2).
-5
3 + 5 + -11 + 1 + 0
-2
What is -3 - (0 + -2 + -8)?
7
What is the value of -4 + (-8 - -2 - -5)?
-5
(-5 - (-5 + 0 + -4)) + -3
1
Calculate -4 + 5 + (-4 - 0).
-3
Evaluate (-8 - (11 - 5 - 7)) + 16.
9
What is 6 + (-8 - (-8 - -6)) + -5?
-5
(6 - 10) + 3 + 1 + 1
1
What is (1 - 7) + (16 - 8)?
2
What is -2 + (1 - -6) + 1 + -3?
3
-5 + 3 + (-4 - -3 - -4)
1
Evaluate -9 - -13 - (1 - -2).
1
Calculate (5 - 3) + -6 - (-10 - -3).
3
What is the value of -12 + 10 + 4 + -1?
1
-14 - -12 - (3 + -1)
-4
-5 - (-12 - (-4 + 2))
5
Calculate 8 - 10 - 2 - -15.
11
What is (17 - 21) + 3 + -1 + 1?
-1
Evaluate -3 - ((7 - 15) + 5).
0
What is (3 + 1 - 3) + 3?
4
Evaluate (-2 - -3) + -6 - -2.
-3
What is the value of 0 + 10 + -17 + 1?
-6
0 + (2 - 1) - 0
1
Evaluate 2 - (2 + -4 + 0 + -1).
5
Calculate -8 + (3 - (3 + -2 + -4)).
-2
What is -3 + 0 - 8 - -16?
5
What is 14 + -8 - 0 - 0?
6
What is -2 + (2 - 1 - (-24 - -19))?
4
What is the value of -2 + (8 - 2) + -11 + 12?
5
What is (8 - (-2 - -7 - 2)) + -2?
3
What is the value of -2 + -1 - (2 + -3)?
-2
What is the value of -1 - (-2 + 3 - -2) - 0?
-4
Calculate 0 - 2 - (-1 + (-2 - 1)).
2
What is 0 - -2 - (5 - (8 - 6))?
-1
Evaluate -4 - (1 + -2) - (1 + -4).
0
Evaluate (14 - 4) + (-5 - 0).
5
Calculate -1 + (-4 - -1) + 66 + -62.
0
Evaluate -17 - -13 - (-1 + 3).
-6
What is -5 + 2 + (-4 - (-18 + 11))?
0
Evaluate -8 + (-7 - -6) + 15.
6
Calculate -2 + -3 + 3 + 0.
-2
Calculate (4 - -1 - 3) + -4.
-2
What is -1 + -2 + -2 + 6 - -2?
3
What is -4 - ((0 - -3) + -4 + 0)?
-3
(-10 - -6) + 0 + -2 - -5
-1
What is the value of 10 + -2 + -13 - -13?
8
Evaluate 6 - 1 - 2 - 6.
-3
What is the value of 4 + (-10 + 5 - -6)?
5
5 + 0 + (-11 - -14)
8
Calculate -3 + -1 + 8 - 1.
3
Calculate (0 - -2) + (-1 - 1).
0
Calculate 1 + -6 + -19 + 22.
-2
What is -1 + 0 - (14 + -17)?
2
What is the value of -13 + (12 - 8) + -2 + 5?
-6
-6 - (-6 + 1 + -4)
3
Calculate 15 + (0 - 9) - 1.
5
Evaluate 34 + -43 + 6 + 0.
-3
Calculate 7 + (0 - -7) + -14 + 1.
1
What is the value of 0 + (3 + 0 - (5 + -3))?
1
What is the value of 0 + -1 + (0 + 0 - 3)?
-4
What is the value of 3 + -6 - (-14 + 5 - -5)?
1
Calculate (7 - (-2 + 4)) + -1.
4
Evaluate -6 + (6 + 11 - (4 - -1)).
6
What is the value of -1 + (4 - 4) - -6?
5
What is the value of (-1 + 9 - 20) + 1 + 2?
-9
What is the value of 8 - 2 - (2 + 5)?
-1
Calculate -4 + 16 + (-10 - 13).
-11
Evaluate -7 - (-7 - 5 - -5 - -4).
-4
What is the value of 3 + 1 + (-11 - -4) - -4?
1
What is -1 + (-3 - -5 - (-2 + 5))?
-2
Calculate 2 + (0 - -4 - 1).
5
Calculate -2 - (-6 - 1 - -8).
-3
-5 - (-6 + -1 + (-6 - -10))
-2
Calculate (-9 - -8) + 2 + 4.
5
What is -3 + (7 - 3) + 1?
2
Evaluate -10 - -5 - (0 - 0).
-5
Evaluate 190 - 181 - (0 - (-1 + -5)).
3
-3 + (8 - 1) - 4 - 4
-4
Calculate 0 + (1 - (-4 - -2)).
3
What is the value of -1 - (-4 + 5) - -6 - 11?
-7
What is 7 + -1 + 6 + -9 - 4?
-1
Evaluate 0 + (2 - -2) + -4 - 1.
-1
7 + 5 + (3 - 12)
3
What is 3 + (-7 - 2) - 4?
-10
What is the value of 9 + (-1 - 3) - 1?
4
9 + (-4 - (2 + (-4 - -2)))
5
1 - ((-2 - 0) + 0 - -1)
2
What is the value of (-5 + 2 - 1 - -3) + -3?
-4
What is (-11 - (5 + -3)) + 12?
-1
Calculate -1 - (1 + -1 + -3) - 1.
1
Calculate 0 + -5 - (3 + -9 - -6).
-5
What is 62 - 55 - (7 - 1)?
1
Calculate -79 + 68 - (-3 - 3).
-5
Evaluate 0 + 4 + -3 - 0.
1
What is 0 + ((-4 - -3) + 2 - -3)?
4
6 - (3 + -1 + -1)
5
What is the value of (0 - -4) + (2 - 5 - -2)?
3
Evaluate 3 - (-2 - -7) - -5.
3
Calculate -3 + (3 - (-6 + 3)).
3
7 + -6 + 9 + -1 + -13
-4
What is 2 + (-8 - 0) - -8?
2
Evaluate -6 + 2 + -3 + 7 + -4.
-4
Calculate -1 + 1 - (7 - 0).
-7
Calculate 1 - (0 + -4 - -4).
1
What is the value of 3 - (-4 - (0 - 7))?
0
Evaluate (-7 - -2) + 4 - (2 + -1).
-2
What is the value of 1 + 4 + (-9 - (10 + -17))?
3
What is (3 - (-2 + -1)) + -4?
2
What is the value of 3 + (-8 - -9) + -8?
-4
What is the value of 0 - 2 - (6 - (7 + -4))?
-5
Evaluate (0 - 2) + (12 - 10) + 0.
0
What is the value of -17 + 16 + (5 - -1)?
5
What is the value of (-3 - -9) + 1 + 1 - 2?
6
What is the value of (-6 - (8 - (4 - -7))) + 7?
4
5 + -1 + (-9 - -5)
0
Calculate 2 + -1 + 7 + -27 + 23.
4
Calculate -9 + 5 - 2 - (-2 + -8).
4
What is -9 - -4 - 0 - (-8 + 2)?
1
Evaluate (8 - 1) + -1 + -4.
2
-1 + 3 + (-7 - 1) + 12
6
-3 + 3 + (1 - 5 - 0)
-4
What is the value of -11 - (-8 + -11 + 1)?
7
What is the value of (-1 - 0) + -2 - (-9 - -2)?
4
What is the value of 6 + (-1 - (0 + 0)) - 0?
5
What is 3 + (-4 - -2) - 4 - -4?
1
-3 + (3 - (-1 - -6) - -5)
0
What is 0 - (2 + 3 + -8) - 5?
-2
Evaluate 1 - 1 - (-3 - -7 - 3).
-1
What is -3 + 3 - (5 + (2 - 10))?
3
What is 0 - (1 + -1 - 0)?
0
What is (4 - 3 - 7) + 10 - 5?
-1
(-9 + 9 - (1 - 3)) + 4
6
-17 - -7 - -2 - (1 - -1)
-10
What is the value of 1 + (-6 + (5 - 2) - -5)?
3
Evaluate 3 + -1 - 1 - (-45 - -43).
3
What is 10 + -9 + 1 + -5?
-3
What is the value of 1 + (-1 - (-2 - 2))?
4
What is the value of (-3 + -4 - -9) + -3 + 1?
0
Evaluate -14 + (-1 + -2 + 13 - 5).
-9
0 + 4 + 1 + (-8 - 0)
-3
What is the value of -4 + (-4 - -1 - -8) - 7?
-6
Calculate -3 + 0 - -4 - 6.
-5
What is the value of 1 - -4 - 1 - (10 + -3)?
-3
What is 2 - (1 + -5 - (48 + -56))?
-2
What is the value of -6 - (-4 - (-8 + 9))?
-1
14 + (-9 - (12 - 12))
5
36 + -40 - (0 - -4 - 2)
-6
What is 2 + 4 + -4 + 2?
4
Calculate (6 - 13) + 2 + 3.
-2
267 - 263 - (-1 - -3)
2
-8 - -4 - (2 + -3)
-3
Calculate -5 - -1 - (-7 - -7 - 1).
-3
Evaluate 13 - (0 + 2) - 11.
0
-2 + (-3 - 0) + 7 + -3
-1
2 + -2 + 8 + -5 + -2
1
What is -1 - 2 - ((-7 - 15) + 23)?
-4
Evaluate (4 - 0) + (-7 - -3 - 1).
-1
What is (-36 - -32) + 10 + -1?
5
Evaluate 1 - -1 - 5 - (-7 - -8).
-4
Evaluate 8 - (0 - -5) - (-2 - -2).
3
Evaluate 1 - -2 - (5 - (-5 - -10)).
3
-2 + 0 + (-5 - -2)
-5
Calculate 4 - ((7 - 1) + -5).
3
-2 + 3 - -2 - 0
3
What is (16 - 17) + 1 + -4?
-4
-1 + (-8 + 6 - -6)
3
Calculate -2 + 12 + -5 + -2 + 6.
9
Calculate (7 - (-4 + -4)) + -11.
4
What is the value of (-3 - -6 - 1) + 25 + -22?
5
Evaluate -2 + -2 + -1 - (-5 + 3).
-3
1 + (2 - (4 + 1)) + -3
-5
Evaluate (-9 + 1 - 1) + -4 - -5.
-8
Evaluate 5 + -6 + 2 + -1 + 1.
1
1 + 0 + 9 + (-22 - -9)
-3
What is the value of (3 - -3) + -5 + 2?
3
(5 - (-2 + 6)) + 3
4
What is -4 + (6 + -6 - 5) + 11?
2
Calculate 6 + -2 - (12 - 12).
4
What is 0 + 2 + (0 - -2) - 0?
4
What is -1 + -3 + 12 + -12?
-4
-1 + (6 - 14 - -6)
-3
(9 - -1) + -7 + -6
-3
Calculate -4 - (-7 - (-3 - (-8 - -4))).
4
What is 9 - (-8 + (2 - -10))?
5
Calculate -2 - (8 - (4 + 3)).
-3
Calculate -2 - ((7 - 6 - -5) + -5).
-3
-6 + 2 + -2 + 3 - -1
-2
Evaluate -3 + 15 + -4 + (-5 - -2).
5
-3 - ((-1 - 3) + 0)
1
What is the value of -16 - ((-2 - 7) + -1)?
-6
Calculate 5 + (-2 - -1) - (-13 - -12).
5
What is the value of 9 + -7 + -2 - -11?
11
Evalu